{"id":31,"date":"2024-01-30T11:20:15","date_gmt":"2024-01-30T11:20:15","guid":{"rendered":"https:\/\/florinstoican.com\/?page_id=31"},"modified":"2024-01-30T12:09:23","modified_gmt":"2024-01-30T12:09:23","slug":"about-me","status":"publish","type":"page","link":"https:\/\/florinstoican.com\/","title":{"rendered":"About me"},"content":{"rendered":"\n<dl class=\"enumerate-enumitem\"><dt class=\"enumerate-enumitem\">\na) <\/dt><dd \nclass=\"enumerate-enumitem\">Information about the degrees and diplomas\n    <dl class=\"description\"><dt class=\"description\">\n  <span \nclass=\"rm-lmbx-10x-x-109\">2018<\/span> <\/dt><dd \nclass=\"description\"> <a \nhref=\"http:\/\/acse.pub.ro\/wp-content\/uploads\/2018\/10\/habilitation-thesis-sets-in-control-florin-stoican.pdf\" >Habilitation thesis<\/a> &#8220;Set-theoretic methods in control. Applications to fault tolerant control and\n    motion planning&#8221;, confirmed through Order 5500\/14.11.2018;\n    <\/dd><dt class=\"description\">\n  <span \nclass=\"rm-lmbx-10x-x-109\">2008-11<\/span> <\/dt><dd \nclass=\"description\"> <a \nhref=\"https:\/\/tel.archives-ouvertes.fr\/tel-00633622v1\/document\" >PhD thesis<\/a> &#8220;Fault tolerant control based on set-theoretic methods&#8221; in Control Engineering,\n    Dept.  of  Automatic  Control,  \u00c9cole  Sup\u00e9rieure  d&#8217;Electricit\u00e9  (Sup\u00e9lec),  Gif-sur-Yvette,  France.\n    Reviewers: R. Bitmead, J. Maciejowski. Supervisor: Sorin Olaru;\n    <\/dd><dt class=\"description\">\n  <span \nclass=\"rm-lmbx-10x-x-109\">2003-08<\/span> <\/dt><dd \nclass=\"description\"> Electrical  Engineering  Degree  (in  Control  Systems  and  Applied  Informatics),  Faculty  of\n    Automatic Control and Computers, Univ. &#8220;Politehnica&#8221; of Bucharest (UPB), Romania. Bachelor\n    diploma  &#8220;Multisensor  control  systems&#8221;  at  Sup\u00e9lec,  Gif-sur-Yvette,  France  (through  an  Erasmus\n    mobility).<\/dd><\/dl>\n   <\/dd><dt class=\"enumerate-enumitem\">\nb) <\/dt><dd \nclass=\"enumerate-enumitem\">Information about the professional experience and jobs\n     <dl class=\"enumerate-enumitem\"><dt class=\"enumerate-enumitem\">\n   i) <\/dt><dd \nclass=\"enumerate-enumitem\">jobs:\n      <dl class=\"description\"><dt class=\"description\">\n    <span \nclass=\"rm-lmbx-10x-x-109\">2013-<\/span> <\/dt><dd \nclass=\"description\"> Full Professor (previously Associate, 2016-2019 and Assistant, 2013-16), Automatic Control\n      and Systems Engineering Department (ACSE), UPB, Romania;\n      <\/dd><dt class=\"description\">\n    <span \nclass=\"rm-lmbx-10x-x-109\">2014-15<\/span> <\/dt><dd \nclass=\"description\"> Postdoctoral research fellow at UPB, Innoresearch POSDRU\/159\/1.5\/S\/132395;\n      <\/dd><dt class=\"description\">\n    <span \nclass=\"rm-lmbx-10x-x-109\">2011-12<\/span> <\/dt><dd \nclass=\"description\">  Postdoctoral  research  fellow  at  the  Norwegian  University  of  Science  and  Technology\n      (NTNU), Norway, through an ERCIM Fellowship (supervisor: Morten Hovd).<\/dd><\/dl>\n     <\/dd><dt class=\"enumerate-enumitem\">\n  ii) <\/dt><dd \nclass=\"enumerate-enumitem\">professional experience:\n      <dl class=\"description\"><dt class=\"description\">\n    <span \nclass=\"rm-lmbx-10x-x-109\">2020-2022<\/span> <\/dt><dd \nclass=\"description\"> Principal investigator of a &#8220;Young Team&#8221; project &#8220;Reliable motion planning for nonlinear\n      systems under uncertainties (REPLAN)&#8221;, PN-III-P1-1.1-TE-2019-4-1614;\n      <\/dd><dt class=\"description\">\n    <span \nclass=\"rm-lmbx-10x-x-109\">2020-2022<\/span> <\/dt><dd \nclass=\"description\">  Responsible  from  UPB&#8217;s  side  for  the  &#8220;Economic  Transfer&#8221;  project  &#8220;Versatile  and\n      economically viable robotic platform for indoor navigation in cluttered environments with obstacles\n      (OMNI-Z)&#8221;, PN-III-P2-2.1-PTE-2019-0867;\n      <\/dd><dt class=\"description\">\n    <span \nclass=\"rm-lmbx-10x-x-109\">2020-2022<\/span> <\/dt><dd \nclass=\"description\"> Mentor in the &#8220;Posdoctoral&#8221; project &#8220;Data Driven Fault Accommodation for Distribution\n      Networks (DDNET)&#8221;, PN-III-P1-1.1-PD-2019-0825;\n                                                                                                \n                                                                                                \n      <\/dd><dt class=\"description\">\n    <span \nclass=\"rm-lmbx-10x-x-109\">2017<\/span> <\/dt><dd \nclass=\"description\"> Responsible  from  UPB&#8217;s  side  for  the  &#8220;Innovation  Cheque&#8221;  project  &#8220;Implementation  and\n      development  of  algorithms  for  the  dynamic  motion  planning  of  robotic  systems  (DEVROS)&#8221;,\n      <a \nhref=\"devros.pub.ro\" class=\"url\" ><span \nclass=\"ec-lmtt-10x-x-109\">devros.pub.ro<\/span><\/a>, PN-III-P2-2.1-CI-2017-0403;\n      <\/dd><dt class=\"description\">\n    <span \nclass=\"rm-lmbx-10x-x-109\">2015-17<\/span> <\/dt><dd \nclass=\"description\">Principal investigator of a &#8220;Young Team&#8221; project &#8220;Set-theoretic approaches for fault tolerant\n      control of complex systems (SETS2FTC)&#8221;, <a \nhref=\"sets2ftc.pub.ro\" class=\"url\" ><span \nclass=\"ec-lmtt-10x-x-109\">sets2ftc.pub.ro<\/span><\/a>, PN-II-RU-TE-2014-4-2713;\n      <\/dd><dt class=\"description\">\n    <span \nclass=\"rm-lmbx-10x-x-109\">2016, 2019<\/span> <\/dt><dd \nclass=\"description\">\n      Responsible for two &#8220;Young Researcher from Diaspora&#8221; mobility projects (PN-III-MCT-2016-0037\n      and PN-III-MCT-2019-0112; invited researcher: I. Prodan &#8211; Grenoble INP, France);\n      <\/dd><dt class=\"description\">\n    <span \nclass=\"rm-lmbx-10x-x-109\">2018<\/span> <\/dt><dd \nclass=\"description\"> Grantee of a mobility project covering expenses (travel and registration) for the Safeprocess&#8217;18\n      conference, PN-III-P1-1.1-MC-2018-1913;\n      <\/dd><dt class=\"description\">\n    <span \nclass=\"rm-lmbx-10x-x-109\">2014-2019<\/span> <\/dt><dd \nclass=\"description\"> Grantee of multiple &#8220;Awarding the research results&#8221;-type grants: PRECISI-2014-6144,\n      -2015-10076, -2016-15179, -2016-15822, -2017-14869, -2018-42721, -2019-47925;\n      <\/dd><dt class=\"description\">\n    <span \nclass=\"rm-lmbx-10x-x-109\">2013-20<\/span> <\/dt><dd \nclass=\"description\"> Member in ESA, ROSA, PN-II\/III projects:\n          <ul class=\"itemize1\">\n          <li class=\"itemize\">&#8220;Advanced Control Techniques for Future Launchers (ACTFL)&#8221;, 2017-20;\n          <\/li>\n          <li class=\"itemize\">&#8220;Multisensory robotic system for aerial monitoring of critical infrastructure systems (MUROS)&#8221;,\n          2013-16;\n          <\/li>\n          <li class=\"itemize\">&#8220;Integrated Multi-Agent Aerial Robotic System for Exploring Terrestrial Regions of Interest\n          (MAARS)&#8221;, 2016-19;\n          <\/li>\n          <li class=\"itemize\">&#8220;Multi-drones system for evaluation of flood effects (SIMUL)&#8221;, 2016-18;<\/li><\/ul>\n      <\/dd><dt class=\"description\">\n    <span \nclass=\"rm-lmbx-10x-x-109\">2013-14<\/span> <\/dt><dd \nclass=\"description\">Co-promotor of a SEE mobility grant between the Engineering Cybernetics Department of NTNU\n      and ACSE Department of UPB;<\/dd><\/dl>\n     <\/dd><\/dl>\n   <\/dd><dt class=\"enumerate-enumitem\">\n c) <\/dt><dd \nclass=\"enumerate-enumitem\">Publications and visibility\n     <dl class=\"enumerate-enumitem\"><dt class=\"enumerate-enumitem\">\n   i) <\/dt><dd \nclass=\"enumerate-enumitem\">publications (author and co-author):\n      <ul class=\"itemize1\">\n      <li class=\"itemize\">Co-author (with C. Oar&#x0103;) of the USPTO Patent &#8220;Method for controlling vehicle in heterogeneous\n      platoon, involves translating received control signal into corresponding translated control signal\n      for vehicle, and setting throttle and brake of vehicle to level based on control signal&#8221;, with no.\n      <a \nhref=\"https:\/\/patents.google.com\/patent\/WO2018215910A1\/\" >WO2018215910-A1<\/a>, Derwent Primary Accession no. 2018-95178F, published on 29 Nov. 2018;\n      <\/li>\n      <li class=\"itemize\">book &#8220;Set-theoretic Fault-tolerant Control in Multisensor Systems&#8221; in FOCUS series, ed. by Hermes\n      Penton-ISTE Ltd with Wiley (2013);\n      <\/li>\n      <li class=\"itemize\">book &#8220;Mixed-integer representa-tions in control design: Mathematical foundations and applications&#8221;,\n      in SpringerBriefs in Electrical and Computer Eng. series, ed. by Springer (2016);\n      <\/li>\n      <li class=\"itemize\">2 book chapters (ed. by Springer in 2013, 2015);\n      <\/li>\n      <li class=\"itemize\">0&#x00A0;articles in ISI indexed journals (7 in Q1, 8 in Q2, with a cumulative impact factor of 45.34);\n                                                                                                \n                                                                                                \n      <\/li>\n      <li class=\"itemize\">0&#x00A0;papers (32 ISI) in top (IEEE and IFAC affiliated) Automation and Control conferences;\n      <\/li>\n      <li class=\"itemize\">citation numbers (excluding auto-citations): Scopus (349, h=9), Web of Science (225, h=7).<\/li><\/ul>\n     <\/dd><dt class=\"enumerate-enumitem\">\n  ii) <\/dt><dd \nclass=\"enumerate-enumitem\">research interests:\n         <ul class=\"itemize1\">\n         <li class=\"itemize\">motion planning algorithms using flat-based descriptions and B-spline representations;\n         <\/li>\n         <li class=\"itemize\">fault tolerant control (via set-theoretic methods, with applications in multisensor schemes);\n         <\/li>\n         <li class=\"itemize\">positive and controlled invariance (applications for RPI\/mRPI computations, switched systems\n         with dwell time or time-delay systems, zonotopic sets);\n         <\/li>\n         <li class=\"itemize\">mixed integer programming (efficient descriptions for non-convex and non-compact regions via\n         hyperplane arrangements, description of complementarity conditions);\n         <\/li>\n         <li class=\"itemize\">geometrical interpretations for constrained optimization issues.<\/li><\/ul>\n     <\/dd><dt class=\"enumerate-enumitem\">\n  iii) <\/dt><dd \nclass=\"enumerate-enumitem\">visibility:\n      <ul class=\"itemize1\">\n      <li class=\"itemize\">reviewer and jury member for the PhD theses of Wang Ye (Univ. Polit\u00e8cnica of Catalunya, Spain,\n      2018), N.Q.H.Tran (Grenoble INP, LCIS, France, 2019) and Mukhtar Sani (Grenoble INP, Gipsa-lab,\n      France, 2022);\n      <\/li>\n      <li class=\"itemize\">invited professor at LCIS Laboratory &#8211; INP Grenoble (2015, 2016), CentraleSup\u00e9lec (2015, 2016,\n      2019), TU Chemnitz (2016,2019) for short-term visits (1 &#8211; 4 weeks);\n      <\/li>\n      <li class=\"itemize\">teaching activities at NTNU, Norway (as part of a SEE mobility grant, 2014) and at TU Ilmenau,\n      Germany; UPC, Spain (as part of Erasmus+ mobility grants, 2015, 2016);\n      <\/li>\n      <li class=\"itemize\">assoc. editor for the Mediterranean Control (2017, 2018, 2020) and for the Systol Conferences (2019);\n      <\/li>\n      <li class=\"itemize\">IPC for the Wi-DROIT&#8217;22 conference;\n      <\/li>\n      <li class=\"itemize\">part of the national organizing committee (NOC) for European Control Conference 2023 (ECC&#8217;23,\n      to be held in Bucharest);\n      <\/li>\n      <li class=\"itemize\">in the <a \nhref=\"https:\/\/icdea2022.sciencesconf.org\/resource\/page\/id\/5\" >organizing committee<\/a> of ICDEA&#8217;22 (the 27<sup><span \nclass=\"cmmi-8\">th<\/span><\/sup> international conference on Difference Equations\n      and Applications, July 18-22, Paris-Saclay, France);\n      <\/li>\n      <li class=\"itemize\">IPC for the &#8220;<a \nhref=\"https:\/\/www.dps2020.uz.zgora.pl\/?page_id=54\" >14th International Science Conference Diagnostics of Processes and Systems (DPS&#8217;20)<\/a>&#8221;;\n      <\/li>\n      <li class=\"itemize\">&#8220;Local Arrangements&#8221; and IPC for the &#8220;<a \nhref=\"http:\/\/www.acd2017.acs.pub.ro\/\" >4th Workshop on Advanced Control and Diagnosis<\/a>&#8221;;\n      <\/li>\n      <li class=\"itemize\">&#8220;<a \nhref=\"http:\/\/ieee-cssletters.dei.unipd.it\/Page_reviewers.php?p=5\" >2017 Outstanding Reviewer<\/a>&#8221; for the &#8220;L-CSS&#8221; journal;\n      <\/li>\n      <li class=\"itemize\">in (from 2020) the <a \nhref=\"https:\/\/www.amcs.uz.zgora.pl\/?action=editors\" >Editorial Board<\/a> of the journal &#8220;Applied mathematics and computer science&#8221;;\n      <\/li>\n      <li class=\"itemize\">in (from 2018) the <a \nhref=\"https:\/\/www.hindawi.com\/journals\/mpe\/editors\/\" >Editorial Board<\/a> of the journal &#8220;Mathematical Problems in Engineering&#8221;.<\/li><\/ul>\n     <\/dd><dt class=\"enumerate-enumitem\">\n  iv) <\/dt><dd \nclass=\"enumerate-enumitem\">scientific presentations:\n                                                                                                \n                                                                                                \n      <ul class=\"itemize1\">\n      <li class=\"itemize\"><a \nhref=\"https:\/\/www.l2s.centralesupelec.fr\/perso\/sorin.olaru-1\" >invited speaker<\/a> at the iCODE workshop (CentraleSup\u00e9lec, Gif-sur-Yvette, France, 2019);\n      <\/li>\n      <li class=\"itemize\">organizer of a <a \nhref=\"https:\/\/kuleuvencongres.be\/eucco2016\/Focus\" >focus session<\/a> at the 4<sup><span \nclass=\"cmmi-8\">th<\/span><\/sup> European Conf. on Comp. Optimization (EUCCO&#8217;16);\n      <\/li>\n      <li class=\"itemize\"><a \nhref=\"http:\/\/www.gipsa-lab.fr\/summerschool\/Invariant-sets-for-FTC\/committees.html\" >invited speaker<\/a> at the 36th Summer School of Automatic Control (GIPSA lab, Grenoble INP, 2015);\n      <\/li>\n      <li class=\"itemize\"><a \nhref=\"http:\/\/num.math.uni-bayreuth.de\/en\/conferences\/ompc_2013\/program\/poster.html\" >invited speaker<\/a> to the SADCO OMPC workshop (Univ. of Bayreuth, Germany, 2013).<\/li><\/ul>\n     <\/dd><\/dl>\n   <\/dd><\/dl>\n<!--l. 127--><p class=\"indent\" >   My ORCID, ResearcherID numbers and Publons account are <a \nhref=\"https:\/\/orcid.org\/0000-0002-4550-9113\" >0000-0002-4550-9113<\/a>, <a \nhref=\"https:\/\/publons.com\/researcher\/C-3564-2012\/\" >C-3564-2012<\/a> and\n<a \nhref=\"http:\/\/publons.com\/a\/1212638\/\" class=\"url\" ><span \nclass=\"ec-lmtt-10x-x-109\">http:\/\/publons.com\/a\/1212638\/<\/span><\/a>, respectively.\n                                                                                                \n                                                                                                \n<a \n id=\"x1-1doc\"><\/a>\n\n","protected":false},"excerpt":{"rendered":"<p>a) Information about the degrees and diplomas 2018 Habilitation thesis &#8220;Set-theoretic methods in control. Applications to fault tolerant control and motion planning&#8221;, confirmed through Order 5500\/14.11.2018; 2008-11 PhD thesis &#8220;Fault tolerant control based on set-theoretic methods&#8221; in Control Engineering, Dept. of Automatic Control, \u00c9cole Sup\u00e9rieure d&#8217;Electricit\u00e9 (Sup\u00e9lec), Gif-sur-Yvette, France. Reviewers: R. Bitmead, J. Maciejowski. Supervisor: &hellip; <a href=\"https:\/\/florinstoican.com\/\">Continue reading <span class=\"meta-nav\">&rarr;<\/span><\/a><\/p>\n","protected":false},"author":1,"featured_media":0,"parent":0,"menu_order":0,"comment_status":"closed","ping_status":"closed","template":"template-sidebar-right.php","meta":{"footnotes":""},"class_list":["post-31","page","type-page","status-publish","hentry"],"_links":{"self":[{"href":"https:\/\/florinstoican.com\/index.php\/wp-json\/wp\/v2\/pages\/31","targetHints":{"allow":["GET"]}}],"collection":[{"href":"https:\/\/florinstoican.com\/index.php\/wp-json\/wp\/v2\/pages"}],"about":[{"href":"https:\/\/florinstoican.com\/index.php\/wp-json\/wp\/v2\/types\/page"}],"author":[{"embeddable":true,"href":"https:\/\/florinstoican.com\/index.php\/wp-json\/wp\/v2\/users\/1"}],"replies":[{"embeddable":true,"href":"https:\/\/florinstoican.com\/index.php\/wp-json\/wp\/v2\/comments?post=31"}],"version-history":[{"count":2,"href":"https:\/\/florinstoican.com\/index.php\/wp-json\/wp\/v2\/pages\/31\/revisions"}],"predecessor-version":[{"id":39,"href":"https:\/\/florinstoican.com\/index.php\/wp-json\/wp\/v2\/pages\/31\/revisions\/39"}],"wp:attachment":[{"href":"https:\/\/florinstoican.com\/index.php\/wp-json\/wp\/v2\/media?parent=31"}],"curies":[{"name":"wp","href":"https:\/\/api.w.org\/{rel}","templated":true}]}}